de 9477300?
False
Does 10 divide 777745060?
True
Does 136 divide 128083539?
False
Is 2536905 a multiple of 21?
True
Does 83 divide 13481963?
False
Is 6440 a factor of 86991520?
True
Does 4 divide 15782855?
False
Is 37 a factor of 23204358?
False
Is 56 a factor of 559176360?
False
Does 103 divide 4493787?
True
Does 1468 divide 22444703?
False
Is 27546847 a multiple of 145?
False
Does 166 divide 116043932?
False
Is 51 a factor of 1577370?
False
Does 5 divide 946048437?
False
Does 946 divide 7972888?
True
Is 96 a factor of 74096160?
True
Is 34 a factor of 449764886?
True
Is 214627927 a multiple of 151?
True
Is 6549 a factor of 161816376?
False
Is 260 a factor of 60120840?
True
Does 84 divide 206804724?
True
Does 63 divide 39212759?
False
Does 2213 divide 26593621?
True
Does 4 divide 100900081?
False
Is 224029444 a multiple of 16?
False
Does 2627 divide 24772610?
True
Is 12 a factor of 2255676?
True
Is 4473 a factor of 277934328?
True
Does 1156 divide 2818328?
True
Does 14 divide 3228026?
False
Is 4872478011 a multiple of 40?
False
Is 19 a factor of 92453392?
True
Does 5 divide 66088190?
True
Is 180 a factor of 164466704?
False
Does 34 divide 81136104?
True
Is 39825500 a multiple of 2750?
True
Does 107 divide 135260091?
True
Does 10 divide 552718200?
True
Does 1384 divide 159917048?
True
Is 45572208 a multiple of 264?
True
Is 1840256233 a multiple of 42?
False
Is 65 a factor of 61717870?
False
Does 85 divide 211653364?
False
Does 85 divide 46088661?
False
Is 1057 a factor of 338723049?
True
Does 13 divide 4271516?
False
Is 36 a factor of 528722280?
True
Is 302318666 a multiple of 39?
False
Is 508657632 a multiple of 21?
True
Does 101 divide 3218466?
True
Does 4 divide 161769368?
True
Does 959 divide 141086162?
True
Is 47 a factor of 573944831?
False
Is 958541603 a multiple of 1012?
False
Does 57 divide 188247003?
True
Is 159512017 a multiple of 287?
True
Does 23 divide 62918340?
True
Is 86 a factor of 96463249?
False
Is 1594 a factor of 24614853?
False
Does 10 divide 37667504?
False
Is 75 a factor of 16290572?
False
Is 466 a factor of 7204826?
True
Does 9 divide 745202493?
True
Does 145 divide 614436775?
True
Is 25 a factor of 77798300?
True
Is 3093 a factor of 76810834?
False
Is 684052096 a multiple of 416?
True
Does 32 divide 90676552?
False
Does 492 divide 16704607?
False
Is 5 a factor of 20742340?
True
Is 5 a factor of 204928825?
True
Is 2 a factor of 5174765?
False
Is 44850434 a multiple of 190?
False
Is 109406415 a multiple of 49?
False
Is 10 a factor of 2868815?
False
Does 1408 divide 69684736?
True
Does 7 divide 10742550?
True
Does 14 divide 49771774?
False
Is 3047 a factor of 124363305?
True
Does 1771 divide 1738193681?
False
Does 44 divide 27230500?
True
Does 56 divide 158521328?
True
Does 2671 divide 1023412205?
False
Is 10 a factor of 27719700?
True
Does 43 divide 17075881?
False
Does 114 divide 193543614?
True
Is 255004755 a multiple of 291?
True
Is 56810806 a multiple of 2?
True
Does 8 divide 19586832?
True
Is 1124160972 a multiple of 2244?
True
Is 50683870 a multiple of 1282?
True
Does 11 divide 845640515?
False
Does 495 divide 6567660?
True
Is 20 a factor of 978932280?
True
Does 18533 divide 8215363839?
True
Is 6268526 a multiple of 7?
False
Is 3 a factor of 11932788?
True
Is 18531844 a multiple of 8?
False
Is 35 a factor of 625277215?
False
Does 9 divide 436284654?
False
Is 26 a factor of 3405114371?
False
Is 292674525 a multiple of 165?
True
Is 50428016 a multiple of 5?
False
Is 24063139 a multiple of 7?
False
Is 11 a factor of 26865883?
True
Does 13 divide 139607806?
True
Is 34 a factor of 709158?
False
Is 12617434 a multiple of 34?
True
Does 15 divide 9252945?
True
Is 175793328 a multiple of 474?
True
Is 5406836 a multiple of 218?
True
Does 17 divide 24358518?
True
Is 30 a factor of 131288564?
False
Does 109 divide 10111862?
False
Is 67 a factor of 21325815?
False
Is 42350728 a multiple of 15?
False
Is 26 a factor of 39629017?
False
Is 2084 a factor of 207863707?
False
Is 1550 a factor of 397482000?
True
Is 13 a factor of 965775130?
False
Is 3706317 a multiple of 2?
False
Is 1513 a factor of 1863093841?
False
Does 588 divide 297999961?
False
Is 10 a factor of 31342930?
True
Is 13 a factor of 5480760?
False
Is 1042479339 a multiple of 15?
False
Is 653851969 a multiple of 4309?
True
Is 11 a factor of 265342173?
False
Does 245 divide 1074679516?
False
Is 135 a factor of 25255530?
True
Does 12 divide 26684605?
False
Is 474624920 a multiple of 3388?
True
Does 3300 divide 118021200?
True
Is 227 a factor of 143893788?
False
Is 54 a factor of 154204000?
False
Is 18 a factor of 24768215?
False
Is 42813190 a multiple of 14?
True
Is 121 a factor of 333954918?
True
Does 20 divide 16942040?
True
Is 82618288 a multiple of 457?
True
Is 63727976 a multiple of 988?
True
Is 22599840 a multiple of 10?
True
Is 71 a factor of 417857081?
True
Is 46 a factor of 453487596?
True
Is 14 a factor of 49397208?
True
Does 845 divide 178133514?
False
Is 308 a factor of 14912128?
True
Is 784981395 a multiple of 55?
True
Is 30 a factor of 137036490?
True
Is 241 a factor of 176069267?
False
Does 4 divide 2780610?
False
Does 124 divide 24215331?
False
Is 2493210 a multiple of 9?
False
Does 70 divide 76994733?
False
Is 329181477 a multiple of 11?
False
Is 82911940 a multiple of 2?
True
Is 118685083 a multiple of 23?
True
Does 670 divide 681169703?
False
Is 15 a factor of 12443258?
False
Is 178 a factor of 2612027180?
True
Does 9 divide 199517256?
True
Is 7 a factor of 25618985?
True
Does 2736 divide 8619894?
False
Is 192331172 a multiple of 90?
False
Does 19 divide 39707151?
False
Is 17503 a factor of 4530708899?
False
Is 17 a factor of 837680962?
False
Does 1075 divide 4800950?
True
Is 735001798 a multiple of 7?
False
Does 12 divide 670830048?
True
Is 1273958270 a multiple of 230?
True
Is 96823306 a multiple of 3?
False
Is 92 a factor of 7724372?
False
Does 7 divide 9818242?
True
Is 91040871 a multiple of 617?
False
Is 5 a factor of 8372026?
False
Is 944 a factor of 278247752?
False
Does 26 divide 2676128?
True
Is 566855592 a multiple of 24?
True
Is 1982 a factor of 74626264?
True
Is 45289165 a multiple of 5?
True
Does 40 divide 70211246?
False
Is 13 a factor of 90140898?
False
Is 50 a factor of 140820938?
False
Is 2505631173 a multiple of 344?
False
Is 40780593 a multiple of 93?
True
Is 534574643 a multiple of 1087?
True
Is 121292220 a multiple of 4151?
True
Is 198875320 a multiple of 980?
True
Is 76092362 a multiple of 3?
False
Is 47838852 a multiple of 18?
True
Is 9 a factor of 141723395?
False
Is 23440780 a multiple of 47?
True
Does 11 divide 217559639?
True
Is 5595973 a multiple of 59?
True
Does 10 divide 90237689?
False
Does 653 divide 86813015?
False
Is 3459 a factor of 74325490?
False
Does 2543 divide 118127436?
True
Is 2608342333 a multiple of 318?
False
Is 1202 a factor of 16151869?
False
Is 109532955 a multiple of 119?
True
Is 12 a factor of 1501034976?
True
Does 67 divide 1266350853?
True
Is 125715045 a multiple of 202?
False
Does 200 divide 11408606?
False
Is 357 a factor of 16533027?
True
Is 111946819 a multiple of 1499?
True
Is 58 a factor of 12130074?
False
Is 5 a factor of 62015598?
False
Is 30 a factor of 3342180354?
False
Is 230 a factor of 1356692054?
False
Does 232 divide 19017704?
False
Is 30 a factor of 1721934180?
True
Is 274 a factor of 6305503?
False
Is 35349106 a multiple of 4515?
False
Is 710 a factor of 52132460?
True
Is 3535510266 a multiple of 2214?
False
Does 10 divide 188710460?
True
Does 659 divide 38811805?
True
Is 1121425455 a multiple of 2?
False
Does 67 divide 9809202?
True
Is 166377584 a multiple of 46?
True
Is 67736038 a multiple of 26?
False
Does 30 divide 125376145?
False
Is 6932 a factor of 3093014137?
False
Is 24067563 a multiple of 51?
True
Does 132 divide 13466376?
True
Does 1686 divide 138934052?
False
Is 118 a factor of 104325262?
False
Does 59 divide 7403202?
True
Is 191 a factor of 21919351?
True
Is 16797645 a multiple of 27?
True
Is 19 a factor of 571964277?
True
Does 380 divide 3646951200?
True
Is 8444943 a multiple of 2901?
False
Does 918 divide 167295856?
False
Is 5 a factor of 1915859348?
False
Is 830519121 a multiple of 28?
False
Is 33 a factor of 87370214?
False
Is 27 a factor of 182302601?
False
Does 